 (base 14) to base 9.
-5207
Convert 200011 (base 6) to base 15.
4924
What is 271 (base 8) in base 13?
113
Convert 59a0 (base 15) to base 9.
28116
694 (base 10) to base 11
581
What is 706 (base 11) in base 7?
2326
What is -111011011 (base 2) in base 3?
-122121
245 (base 12) to base 13
203
42 (base 13) to base 9
60
What is b08 (base 16) in base 7?
11143
-2775 (base 10) to base 14
-1023
Convert -25441 (base 8) to base 6.
-123041
Convert -12120231 (base 4) to base 16.
-662d
Convert -10756 (base 10) to base 15.
-32c1
Convert 60434 (base 8) to base 14.
90ba
-716 (base 16) to base 8
-3426
What is -6930 (base 11) in base 12?
-5330
Convert -11200020 (base 3) to base 16.
-d50
What is -1101010110001100 (base 2) in base 16?
-d58c
Convert 256 (base 11) to base 5.
2203
Convert 2521 (base 12) to base 8.
10151
What is 21120010 (base 3) in base 12?
3233
1220010 (base 3) to base 7
4011
Convert 12756 (base 8) to base 15.
19e4
-11563 (base 7) to base 4
-233122
What is 1477a (base 11) in base 8?
50643
What is 31121 (base 5) in base 15?
90b
Convert -102112002 (base 3) to base 9.
-12462
-431444 (base 6) to base 16
-8a34
db (base 16) to base 6
1003
What is -101321 (base 7) in base 14?
-6448
What is 66611 (base 7) in base 12?
9852
-4130243 (base 5) to base 3
-10102200201
Convert 8699 (base 16) to base 14.
c7b3
51374 (base 11) to base 7
431413
Convert -21102102 (base 3) to base 14.
-1d87
-31113 (base 4) to base 15
-3c0
Convert 2561 (base 13) to base 9.
7258
What is -61fa (base 16) in base 7?
-133061
Convert bd3 (base 16) to base 14.
1163
What is -452 (base 12) in base 14?
-338
-445 (base 13) to base 4
-23131
-48334 (base 10) to base 9
-73264
-1110001011111 (base 2) to base 10
-7263
11010100100 (base 2) to base 3
2022222
-9184 (base 13) to base 4
-10321102
What is 100415 (base 6) in base 2?
1111011111011
101110101110010 (base 2) to base 6
302430
What is 3301012 (base 4) in base 13?
703c
What is -11613 (base 8) in base 6?
-35055
-bac (base 14) to base 12
-1404
-312103 (base 4) to base 9
-4681
Convert -123131 (base 5) to base 15.
-1646
158d (base 16) to base 12
3239
Convert -422 (base 6) to base 8.
-236
Convert 43 (base 8) to base 6.
55
3205 (base 6) to base 3
222212
-154372 (base 8) to base 3
-2211012021
Convert 2709 (base 10) to base 6.
20313
763 (base 15) to base 5
23133
Convert -33430 (base 9) to base 11.
-15771
What is -112111 (base 5) in base 7?
-14516
-111433 (base 5) to base 8
-7631
-166e (base 16) to base 14
-2142
Convert -26163 (base 11) to base 9.
-56340
-1001001 (base 2) to base 5
-243
13022 (base 4) to base 5
3313
What is 112110001 (base 3) in base 11?
7a04
-22330 (base 7) to base 13
-2761
What is 12a05 (base 14) in base 9?
68825
What is 12523 (base 6) in base 14?
9b5
Convert c9 (base 14) to base 12.
129
-20503 (base 6) to base 13
-1356
-357 (base 14) to base 2
-1010011001
-820 (base 11) to base 7
-2613
What is b67 (base 15) in base 3?
10112021
-4031 (base 5) to base 10
-516
What is -1260 (base 7) in base 8?
-743
Convert -11110 (base 2) to base 13.
-24
Convert -1dd0 (base 15) to base 10.
-6495
What is -25ac (base 16) in base 11?
-7278
Convert -1213 (base 15) to base 14.
-1587
Convert 5351 (base 6) to base 5.
14334
13031130 (base 4) to base 10
29532
47411 (base 9) to base 2
111101111000001
-142433 (base 7) to base 16
-6ab5
3311 (base 4) to base 12
185
What is 374 (base 12) in base 2?
1000001000
What is 17a7 (base 14) in base 2?
1000010100111
2d19 (base 16) to base 14
42c9
Convert -2221121 (base 3) to base 10.
-2149
Convert -7a45 (base 14) to base 8.
-51355
What is 511 (base 9) in base 10?
415
What is 232 (base 8) in base 11?
130
-305514 (base 7) to base 9
-78773
1b4 (base 14) to base 15
189
What is 899 (base 11) in base 15?
4bb
Convert 3765 (base 12) to base 8.
14175
Convert -81b (base 14) to base 13.
-957
-200211 (base 3) to base 11
-422
What is 325 (base 6) in base 11?
104
-1200 (base 13) to base 15
-b40
Convert 222331 (base 5) to base 6.
100145
What is -2210120 (base 3) in base 12?
-1220
-100011011 (base 2) to base 15
-13d
What is -10aa (base 14) in base 11?
-21a1
Convert -25270 (base 8) to base 11.
-8242
-6b19 (base 14) to base 13
-8641
-15211 (base 9) to base 16
-288a
What is -11510 (base 7) in base 12?
-1898
Convert 1470 (base 11) to base 7.
5342
b864 (base 12) to base 9
30674
-100322022 (base 4) to base 10
-69258
-1001011111011 (base 2) to base 7
-20111
2253 (base 14) to base 8
13501
-10000000 (base 2) to base 14
-92
Convert 1434440 (base 5) to base 14.
b232
What is 1456 (base 8) in base 6?
3434
What is 2100 (base 3) in base 6?
143
What is -31578 (base 9) in base 5?
-1132023
Convert 33641 (base 8) to base 10.
14241
Convert -115b (base 12) to base 13.
-b66
-548 (base 15) to base 13
-70a
What is -230341 (base 6) in base 5?
-1111243
Convert -a74 (base 12) to base 7.
-4312
-992 (base 11) to base 8
-2246
What is -2a3 (base 15) in base 11?
-4a9
Convert -12023203 (base 4) to base 2.
-110001011100011
What is -1110110000000 (base 2) in base 4?
-1312000
What is 12223233 (base 4) in base 6?
330423
Convert -23312 (base 4) to base 10.
-758
What is 34e (base 16) in base 11?
6aa
What is -1710 (base 15) in base 2?
-1001101100101
-135 (base 13) to base 9
-256
Convert -214 (base 9) to base 11.
-14a
-650 (base 7) to base 9
-405
What is -1333 (base 6) in base 4?
-11121
What is 2323 (base 10) in base 8?
4423
What is 40136 (base 9) in base 4?
12123312
Convert -1561 (base 13) to base 12.
-1981
Convert -13216 (base 11) to base 2.
-100100111001101
870 (base 9) to base 15
326
What is 737 (base 11) in base 3?
1012212
-92 (base 13) to base 11
-a9
Convert -5427 (base 12) to base 14.
-3527
What is 1000100101 (base 2) in base 15?
269
Convert -1000000101110 (base 2) to base 7.
-15035
What is -1559 (base 12) in base 2?
-100111010101
What is -1b7a (base 12) in base 16?
-d4e
12416 (base 7) to base 14
12b6
What is -3100 (base 4) in base 3?
-21201
What is 124 (base 14) in base 4?
3210
Convert 11120 (base 3) to base 4.
1323
1998 (base 14) to base 2
1001000100010
What is 4204 (base 5) in base 4?
20222
What is -22000202 (base 4) in base 8?
-120042
What is -486 (base 9) in base 7?
-1113
What is 31543 (base 8) in base 9?
20036
670 (base 8) to base 16
1b8
Convert -2011120 (base 4) to base 14.
-317a
What is 3221310 (base 4) in base 8?
35164
Convert -103ab (base 12) to base 9.
-32185
324243 (base 6) to base 14
9b23
-62427 (base 8) to base 13
-ba19
-1e8 (base 16) to base 7
-1265
What is -5447 (base 9) in base 3?
-12111121
Convert 7229 (base 13) to base 10.
15752
Convert 4d9 (base 14) to base 2.
1111001111
-347 (base 9) to base 4
-10132
What is -1015324 (base 6) in base 11?
-33a28
Convert 16613 (base 7) to base 15.
1628
21b (base 16) to base 4
20123
6625 (base 9) to base 4
1030103
What is -1122000 (base 3) in base 13?
-705
What is 8e34 (base 16) in base 13?
13754
-6a7 (base 13) to base 15
-51b
What is -a0e3 (base 16) in base 3?
-2002111110
What is -36c (base 16) in base 2?
-1101101100
Convert 100111 (base 4) to base 9.
1381
What is -30040 (base 5) in base 10?
-1895
Convert 651 (base 9) to base 4.
20110
-1099 (base 13) to base 14
-bbd
Convert -d512 (base 14) to base 12.
-19278
Convert -1560 (base 11) to base 13.
-bb0
5345 (base 13) to base 16
2d1d
What is -132 (base 13) in base 5?
-1320
Convert -1e6 (base 15) to base 7.
-1200
Convert -216 (base 8) to base 11.
-11a
What is 2ee9 (base 15) in base 13?
47b5
What is 1113113 (base 4) in base 13?
2711
-1338 (base 9) to base 8
-1757
-242022 (base 7) to base 14
-12012
Convert -11333 (base 5) to base 8.
-1513
Convert 2132321 (base 4) to base 13.
4823
Convert 1154 (base 6) to base 4.
10132
2487 (base 15) to base 3
101200001
What is -1540 (base 6) in base 8?
-644
Convert 4253 (base 6) to base 7.
2553
-7334 (base 9) to base 11
-4049
Convert 24442 (base 9) to base 2.
100000000010000
Convert 10636 (base 7) to base 5.
41342
Convert 23e (base 16) to base 7.
1450
3202023 (base 4) to base 15
4450
What is 29a (base 12) in base 4?
12112
What is 12557 (base 8) in base 3?
21112020
-b44 (base 13) to base 10
-1915
What is -60b (base 13) in base 4?
-100001
Convert 5335 (base 6) to base 11.
a01
What is 13030102 (base 4) in base 16?
7312
What is 26887 (base 9) in base 15?
55ed
32a8 (base 12) to base 4
1113200
What is 757 (base 9) in base 15?
2b4
What is 4258 (base 9) in ba